Let q = -73 + b. Calculate the remainder when 239 is divided by q.
19
Let y(a) = -a**2 - 7*a + 209. Calculate the remainder when 747 is divided by y(-18).
10
Suppose -4*h + 8*h - 388 = 0. Suppose 2*u - 219 = -2*o - 49, o - h = -4*u. Calculate the remainder when o is divided by 28.
25
Let s = 1751 + -1728. Let w = 7 - 1. Suppose -14 - w = -4*r. What is the remainder when s is divided by r?
3
Let q(g) = 9*g**3 - 3*g**2 + g - 2. Let h be q(2). Let o be ((-4)/5)/((-3)/h). Let m = 28 - o. Calculate the remainder when 21 is divided by m.
9
Suppose z = 2*v - 33, 5*z + 1 + 4 = 0. Suppose -b - 3*b + v = 0. Let c(a) = -a**2 - 41*a - 224. What is the remainder when c(-7) is divided by b?
2
Suppose -5*u = 4*m - 8 + 3, 3 = 3*u. Suppose -5*v + 7 + 8 = m. Let f(c) = c**3 + 6*c**2 + 3*c - 1. Calculate the remainder when f(-5) is divided by v.
0
Let r = -75 + 136. What is the remainder when r is divided by 6?
1
Suppose 5*y = -y + 102. Suppose -87 = -13*c + 10*c. What is the remainder when c is divided by y?
12
Let g = -241 - -269. What is the remainder when 39 is divided by g?
11
Suppose 0 = -21*h + 4997 + 7309. Calculate the remainder when h is divided by 14.
12
Suppose -16 = -3*l - 1. Suppose l*f + 139 = 29. Let v = f - -34. What is the remainder when 47 is divided by v?
11
Let g = 88 + -47. Suppose -3*h = -4*t - 57 - g, 4*h + 5*t = 141. What is the remainder when h is divided by 1/(-4) + (-49)/(-4)?
10
Let n(v) = -4 + 8 + 15 + 2*v + 3. What is the remainder when 127 is divided by n(5)?
31
Let a = -517 + 681. What is the remainder when a is divided by 8?
4
Let q(t) = -t**3 + 17*t**2 + 34*t - 29. What is the remainder when q(16) is divided by 86?
83
Let o be 20*6/15*-4. Let l = 34 + o. Calculate the remainder when 63 is divided by (4/1)/(l/8).
15
Let k(p) = -40*p - 269. Calculate the remainder when 84 is divided by k(-8).
33
Suppose 585 + 2839 = 16*h. Calculate the remainder when h is divided by 27.
25
Suppose -k = -8 - 1. Suppose -2*o + 7*o = -60. Let z = 4 - o. What is the remainder when z is divided by k?
7
Suppose 0 = 2*s - s - 62. What is the remainder when s is divided by (-2 - -20) + (-2 - 5)?
7
Let j be (-1 - (-306)/11) + 2/11. Let i = -123 - -189. What is the remainder when i is divided by (26 - j)*(-2 + 3)*-17?
15
Let d(k) = -2*k - 3. Let p be d(-3). Suppose -3*n = -p*h + 2*n + 144, 2*h - 94 = 4*n. What is the remainder when h is divided by 11?
9
Suppose -25*c + 24*c = 3*o - 30, 2*o - 2 = 0. Calculate the remainder when 241 is divided by c.
25
Suppose 0 = 3*s - 2*n - 155, -5*s - 5*n + 78 = -3*s. What is the remainder when 143 is divided by s?
45
Suppose 94 = -5*c + 7*c. What is the remainder when 87 is divided by c?
40
Let d = -12 + 35. Let j = -164 + 230. Let k = j - -24. Calculate the remainder when k is divided by d.
21
Suppose 23*v = 27*v + 164. Let c = -31 - v. What is the remainder when 19 is divided by c?
9
Let x = 61 + -85. Let n = x - -32. What is the remainder when 26 is divided by n?
2
Let y(w) = 4*w - 65. What is the remainder when 323 is divided by y(23)?
26
Suppose 5*l - l = 4*f + 32, -3*f + l = 14. Let i(k) = k**2 + 3*k - k + 0*k**2 + 3*k**2 - 4. What is the remainder when 102 is divided by i(f)?
24
Suppose 2*q = -3 + 13. Let u(j) = -q*j**2 + 6*j**2 + 27 - j + 0*j**2. Calculate the remainder when u(0) is divided by 14.
13
Suppose -27*m = -5*m - 792. What is the remainder when m is divided by 182/9 + 4/(-18)?
16
Let m be (-6)/15 - (-564)/10. Suppose 7*i - m = 3*i. Suppose -z + 115 = 5*f, -f + i = z + z. Calculate the remainder when 94 is divided by f.
22
Suppose 5*q - 240 = a, q - 221 = -3*q - 5*a. Let u = -33 - -67. Suppose 3*f = f + u. Calculate the remainder when q is divided by f.
15
Let k(v) be the first derivative of -9*v**2/2 - 8*v - 4. Let n be k(-3). What is the remainder when 20/2 + (n - 20) is divided by 3?
0
Suppose 207*r - 194*r = 273. Calculate the remainder when 30 is divided by r.
9
Suppose -2*v + 30 = 4*v. Suppose 0 = 2*w - 0 - 40. Calculate the remainder when w is divided by ((-11)/(-4))/(v/20).
9
Suppose -h + 87 = 3*o + 2*h, -92 = -3*o + 2*h. Suppose 2*a + a = o. Calculate the remainder when 18 is divided by a.
8
Let b = 3 + 3. Suppose -6*i = -4*i - b. Suppose -3*k + c + 25 = -c, -c = -4*k + 30. What is the remainder when k is divided by i?
1
Suppose 0 = 9*w - 10*w + 4. Suppose 2*z = 10, -w*z + 3*z = 2*p - 15. Calculate the remainder when 7 is divided by p.
2
Suppose 4*x + 3*p - 3035 = 0, x + 72*p = 76*p + 773. Calculate the remainder when x is divided by 13.
7
Let p = 55 - -1. Let l be 2/8 + 434/p. Suppose 5*d - 2*b = 30 + l, 3*d - 25 = -b. Calculate the remainder when d is divided by 3.
2
Let t(s) = 9*s**2 - 15*s - 41. What is the remainder when t(5) is divided by 33*(-1)/(3/(-2))?
21
What is the remainder when 16/(-3)*(-7)/(56/96) is divided by (-1)/(-2)*2 + 21?
20
What is the remainder when (2 - 3)/((136/(-1512))/17) is divided by 9?
0
Suppose 3*i - 132 = 4*t - 2*t, -2*t + 88 = 2*i. Suppose -i*n = -38*n - 36. Suppose y + 0*y = 4. What is the remainder when n is divided by y?
2
Suppose -596*d + 170 = -586*d. Calculate the remainder when 41 is divided by d.
7
Suppose 0 = 4*b + k + 150, -156 = 4*b - k - k. Let r = b + 39. Calculate the remainder when 4 + (r - -3) + 3 is divided by 3.
2
Let b(t) = t**3 - 11*t**2 + t + 16. Let a = -1151 - -1201. Calculate the remainder when a is divided by b(11).
23
Let k(v) = -20*v + 13. Let d be 10/30 - ((-38)/(-6) + 0). Calculate the remainder when k(d) is divided by 34.
31
Let v be 3 - (1 + -1 + -1). Let l = 1 - -3. What is the remainder when ((-2)/v)/((-10)/120) is divided by l?
2
Let a = -4 + 6. Suppose -4*k + a = 2*l, -4*l - 8 = 4*k - 0*l. Suppose -5*y - 25 = 2*r - 61, -r - k*y + 19 = 0. What is the remainder when 38 is divided by r?
12
Let w = 722 - 451. What is the remainder when w is divided by 68?
67
Let v be (((-28)/12)/7*0)/2. Suppose 5*m + 8*m - 182 = v. What is the remainder when 65 is divided by m?
9
Suppose -7*o + 20 = -15. Suppose 0 = -5*m - 2*c + 4, 5 = o*m + 5*c + 10. Calculate the remainder when ((-2)/(-4))/(3/18) is divided by m.
1
Let r(h) = -h**3 - 26*h**2 - 26*h - 17. Let u be r(-25). Let x(o) = -o**3 + 9*o**2 - 5*o - 10. Calculate the remainder when 67 is divided by x(u).
11
Let v(p) = 3*p**2 + 5*p. Let d(o) = 10*o**2 + 14*o - 1. Let q(m) = 2*d(m) - 7*v(m). What is the remainder when (-13)/(-1 - 0/(-2)) is divided by q(-6)?
1
Suppose -2*a - 3*a + 345 = 0. Suppose 0*p = -p + a. Calculate the remainder when p is divided by (2 + 8)*(2 + -1).
9
Suppose 65 + 55 = 3*s. Let f(x) = 5 - 2*x + 2 + 2 + 4*x. What is the remainder when s is divided by f(6)?
19
Let v(j) = -j + 21. Let h be v(14). Suppose -275 = 2*q - h*q. Let g = -16 - -30. What is the remainder when q is divided by g?
13
Let c = -120 - -158. Calculate the remainder when c is divided by 8.
6
Let s(t) = 5*t**2 + 1 - t**2 + 4*t - 3*t**2. Let w be (-1)/(-4)*-2*10. Calculate the remainder when 11 is divided by s(w).
5
Suppose 5*d = -1401 + 3321. What is the remainder when d is divided by 94?
8
Suppose 4*u - 180 = 272. Let w = 198 - u. Calculate the remainder when w is divided by 29.
27
Let n(v) = v**3 - 6*v**2 + 0*v**3 - 2*v - 4*v + 8 + 0*v**3. Calculate the remainder when n(7) is divided by 9.
6
Let s = 809 - 803. Calculate the remainder when 30 is divided by s.
0
Let d(i) = -31*i - 69. What is the remainder when d(-4) is divided by 13?
3
Let z(q) = -q**3 + 2*q**2 + 4*q - 9. Let u be z(3). Calculate the remainder when 5 is divided by (-10)/(-5) + u/(-3).
1
Let i = 60 + -58. Suppose -2*r + 0*r - 4*q + 434 = 0, 2*q + 446 = i*r. What is the remainder when r is divided by 8?
5
Suppose -3*i + 190 = f, 0 = -2*i - 2*f + 4 + 124. Let m be ((-30)/9 - 2)/(8/(-24)). Suppose 7*j - 6*j = m. What is the remainder when i is divided by j?
15
Let i(b) = -3*b + 14. What is the remainder when 3/12 + 307/4 is divided by i(-2)?
17
Suppose 0 = -2*m + 119 + 151. Let t = 253 - m. Let y(f) = 6*f**3 - 3*f**2 + 2*f. Calculate the remainder when t is divided by y(2).
38
Let v = -244 + 351. Calculate the remainder when 225 is divided by v.
11
Let k = 1428 - 698. Calculate the remainder when k is divided by 61.
59
Let h(l) = -l**2 + 10*l. What is the remainder when ((-3)/30*4)/(1/(-250)) is divided by h(7)?
16
Suppose 2 = -h + 5. Sup